9?
9
Suppose y = -0*y + 92. Suppose 0 = -8*h + 28 + y. Calculate the highest common factor of 75 and h.
15
Let r(z) = 73*z - 320. Let s be r(13). Calculate the greatest common factor of 74 and s.
37
Let f = 4 + -2. Suppose 10 = 10*u - 0*u. Let m(r) = 11*r + 3. Let i be m(u). Calculate the highest common factor of i and f.
2
Let u = -1367 + 1381. What is the greatest common factor of 2 and u?
2
Let k be 1/4 + (-46)/(-8). Let v be k/(-33) - 5552/(-44). Suppose -5*y + 42 = -28. Calculate the highest common factor of v and y.
14
Let h be -3 + ((-5859)/(-105) - (-4)/(-5)). What is the highest common divisor of 13 and h?
13
Suppose -a - 5*k = -160, -5*a + 5*k + 629 = -291. What is the greatest common divisor of a and 260?
20
Suppose -11 = -5*j - 6. Let v be (-13)/(-3)*(5 + j). Let s = v + -22. Calculate the greatest common factor of 10 and s.
2
Let u be (4/3)/(8/12). Suppose 0 = -u*i + 4 - 0. Calculate the highest common factor of i and 4.
2
Let i be (-1219)/(-5) + (-2)/(-10). Let u = -10 + i. What is the greatest common factor of u and 26?
26
Let g = -12 + 33. Suppose -3*u = -15 - 0, 0 = l - 4*u + 13. Calculate the greatest common divisor of l and g.
7
Suppose -93 = 9*c - 3. Let t be c/(-12) - 7/(-42). Suppose -t - 1 = -a, -68 = -f + 2*a. Calculate the greatest common factor of 48 and f.
24
Let b(c) = 2*c**2 - 6*c. Let t be b(5). Suppose 4*f - 17 = -3*s + 6*s, -5*f = -5*s - t. Suppose 4*l - 3 = s. What is the highest common factor of l and 11?
1
Suppose 3*q - n - 729 = -4*n, -2*q + 461 = -3*n. What is the highest common divisor of q and 56?
14
Let f be (8/7)/((-3)/(-21)). Calculate the highest common divisor of 76 and f.
4
Let b = 1498 - 1444. What is the highest common factor of 738 and b?
18
Suppose 3*f = -25 - 35. Let u be 4/(-6)*(8 + f). Calculate the highest common divisor of 2 and u.
2
Suppose -19*c + 440 = -9*c. Calculate the highest common factor of c and 22.
22
Let g be (0 - -1) + (-2 - -1). Suppose -7*c + 5*c + 224 = g. Let p be (-2 + (-5)/(-2))*c. Calculate the highest common divisor of p and 7.
7
Let u(i) = 2*i**2 - 6*i + 2. Let h be u(5). Suppose -7*b + 2*b = 1330. Let g be b/(-3) + 2/(-3). What is the highest common factor of g and h?
22
Let k be (9/2)/(-1)*-24. Let d = 47 - -14. Suppose 3*t + v = 41, -t - 2*t + d = 5*v. Calculate the greatest common factor of t and k.
12
Suppose -m + 33 = -67. Suppose 3*h = -2*r + 590, h = 2*h + 4*r - 180. Suppose -2*p + 7*p = h. What is the greatest common factor of p and m?
20
Suppose -26*q - 3960 = -36*q. What is the greatest common factor of 54 and q?
18
Suppose 6 = 5*l - 24. Let q(i) = i**2 - 8*i - 20. Let y be q(9). Let d = y - -17. What is the highest common divisor of d and l?
6
Let q(t) = t**2 + 2*t + 1. Let s be q(-2). Suppose -3*x + 3 + 3 = 0. Calculate the highest common factor of s and x.
1
Let m(r) be the second derivative of -r**5/20 - 13*r**4/12 + 3*r**3/2 + 29*r**2/2 + 22*r. Let x be m(-14). What is the highest common factor of 11 and x?
11
Let t be 1/(-6) + (-12621)/(-18). Let h = 1269 - t. Suppose -3*u - g = 160 - h, 4*u - 537 = g. Calculate the greatest common factor of 54 and u.
27
Let m(j) = -6*j - 2. Let t be m(-1). Let x = 16 - t. What is the highest common divisor of x and 36?
12
Let n be ((-6)/(-8))/(1684/560 - 3). What is the highest common divisor of 84 and n?
21
Let v(b) = b**2 - 5*b. Let r be v(5). Suppose r = -5*c + 4*c + 10. Suppose 5*d - 18 = -2*t + 6*t, t + c = 4*d. Calculate the highest common factor of d and 3.
1
Suppose -2*x - s + 74 = 0, -52 = -4*x - 3*s + 100. Calculate the highest common factor of x and 70.
35
Suppose -4*f - 150 = -9*f. Let i = f - 24. What is the highest common factor of 18 and i?
6
Let m(u) = 64 + 12*u**2 - 60 + 5*u**2. Let z be m(-2). Calculate the greatest common factor of 24 and z.
24
Suppose 0 = 5*u - 4*b - 139, 0 = -b + 3*b - 8. What is the greatest common divisor of 31 and u?
31
Suppose -3*k + 4*j + 28 = 0, k - 2*j - 21 = -3*j. What is the greatest common factor of 152 and k?
8
Suppose -11*i + 16*i = -u + 267, -u + 303 = -4*i. What is the greatest common factor of 7 and u?
7
Let s = -103 + 106. Suppose o = b + 28, s*o + b + 2*b = 102. What is the highest common factor of 310 and o?
31
Suppose 32*t = 58*t - 8450. Calculate the highest common divisor of 100 and t.
25
Let m(i) = -i**2 + 26*i + 286. Let y be m(-8). Calculate the highest common divisor of y and 266.
14
Suppose -6*m = -10*m + 20. Suppose 0 = -m*l - 3 - 12, -2*l + 1094 = 5*j. Calculate the greatest common divisor of j and 44.
44
Let y be (8 - 0) + (-2 - -1). Let i be (-7)/3*(-6 - -3). Calculate the highest common factor of y and i.
7
Let j(l) = l**2 - 2*l - 3. Let v be j(-4). Suppose 25*i = 88*i - 6615. What is the highest common divisor of i and v?
21
Suppose -3*p - 5*j - 67 = -255, 274 = 4*p + 2*j. Calculate the highest common factor of p and 142.
71
Let d(x) = 49*x**2 + 4*x - 4. Let l(a) = a**3 - 7*a**2 - 9*a + 9. Let p be l(8). Let i be d(p). What is the greatest common divisor of 343 and i?
49
Let l = 61 + -37. Let i = 5356 - 5353. What is the greatest common factor of l and i?
3
Suppose -19*k = -20*k + 4. What is the highest common factor of k and 28?
4
Let w = -86 - -106. Calculate the highest common factor of w and 190.
10
Let p(s) = -s**3 - 7*s**2 + 5*s - 79. Let d be p(-9). Calculate the highest common factor of 361 and d.
19
Let s(d) = -7*d - 20. Let w be s(-5). Let g = 30 + w. What is the highest common factor of g and 30?
15
Let k(v) = v**3 - 11*v**2 - 3*v + 3. Let f be k(11). Let i = f + 34. Let c be 3*i/(4/11). What is the highest common factor of 11 and c?
11
Let u(g) = -g. Let s be u(-4). Suppose -b = 2*v - 20, s*v + 0*v = -5*b + 112. What is the highest common factor of 8 and b?
8
Let y(s) = 3 - 22*s + 27*s + 3*s**2 + 2. Let v be y(5). Suppose -j = 3*c - 15, -3*c - 2 = -4*j + 58. Calculate the greatest common factor of v and j.
15
Let m = -4 + 14. Let g = -2 + 24. Let l = 92 - g. What is the greatest common divisor of m and l?
10
Suppose 2*r - 202 = -2*v + 148, 0 = r + 5*v - 171. What is the highest common divisor of r and 64?
16
Let i(o) = -3*o + 9. Let u be i(-3). Suppose -3*l + 173 = 11. Let q be 1 + -1 - l/(-9). Calculate the highest common factor of q and u.
6
Let i = -705 - -1002. What is the highest common divisor of 198 and i?
99
Suppose 6*d - 98 + 50 = 0. Suppose -3*o = -136 - 152. What is the highest common factor of d and o?
8
Suppose 10 = -4*d + 3*j + 378, 2*j = 3*d - 277. What is the highest common factor of 19 and d?
19
Let z be 2 + 0 + 544/1. Calculate the greatest common divisor of z and 14.
14
Let k(o) = -o - 3. Let n be k(-8). Suppose 2*w + n = -3. Let m be (-4)/(-3)*(-6)/w. What is the greatest common factor of m and 2?
2
Let j = 54 + -48. Suppose 4*d = -4*b + 244, -5*b - 5*d + j*d = -299. Let l be (101 + -1)*6/4. What is the highest common factor of b and l?
30
Let j(z) = -3*z + 5. Let g be j(1). Suppose 11 = -g*b + 19. Suppose -32 + 96 = 2*w. What is the highest common divisor of w and b?
4
Suppose 555*q - 2142 = 532*q + 3171. Suppose -g + 18 = -f, 0 = 2*g + 2*g + 3*f - 93. Calculate the greatest common divisor of q and g.
21
Let c = 31 + -26. Let b be c + 1*(4 + -5). Suppose 3*l + 5*f = 122, -4*f = -l - b*l + 228. What is the greatest common divisor of 22 and l?
22
Suppose -11*i = -15*i + 48. Let l = 279 + -132. Suppose 0*m = -5*m + 3*j + l, m - j = 29. What is the greatest common divisor of m and i?
6
Let w = 228 + -159. Suppose -2*y = 4, 25 = 3*h - 3*y - 50. What is the highest common divisor of w and h?
23
Suppose -5*y = 3*f + 24, 0 = -y + 3*y - 5*f - 9. Let q be -8*6*(-4 - y). Calculate the highest common factor of 36 and q.
12
Suppose 22 = -3*l - 5*y, 5*l - 2 - 8 = y. Let w be -11*(-1)/1 + l. What is the highest common divisor of 96 and w?
12
Let r(d) = 38*d**2 - 3*d - 1. Let t be r(-1). Let x be 0*(-3 - -6)/3. Let g = x + 8. Calculate the highest common factor of g and t.
8
Suppose 0 = 9*t + 3319 - 3427. Calculate the greatest common factor of 78 and t.
6
Let f be (-68)/(-18) + 12/54. Let u(j) = -j**2 + 5*j - 1. Let d be u(f). Let s(a) = -7*a - 1. Let x be s(-4). What is the greatest common divisor of x and d?
3
Let g be 13 + 1 + 12/(-12) + 3. What is the greatest common factor of g and 128?
16
Let d(w) = 2*w**3 - 4*w**2 + 3*w